{"id":9,"date":"2015-02-10T19:21:19","date_gmt":"2015-02-10T19:21:19","guid":{"rendered":"http:\/\/balticclouds.eu_demos\/architecture\/?page_id=9"},"modified":"2019-06-30T19:17:26","modified_gmt":"2019-06-30T16:17:26","slug":"about","status":"publish","type":"page","link":"http:\/\/balticclouds.eu\/?page_id=9","title":{"rendered":"Apie mus"},"content":{"rendered":"<div class=\"fusion-fullwidth fullwidth-box nonhundred-percent-fullwidth non-hundred-percent-height-scrolling\"  style='background-color: rgba(255,255,255,0);background-position: center center;background-repeat: no-repeat;padding-top:0px;padding-right:0px;padding-bottom:0px;padding-left:0px;'><div class=\"fusion-builder-row fusion-row \"><div  class=\"fusion-layout-column fusion_builder_column fusion_builder_column_1_1 fusion-builder-column-1 fusion-one-full fusion-column-first fusion-column-last 1_1\"  style='margin-top:0px;margin-bottom:20px;'>\n\t\t\t\t\t<div class=\"fusion-column-wrapper\" style=\"padding: 0px 0px 0px 0px;background-position:left top;background-repeat:no-repeat;-webkit-background-size:cover;-moz-background-size:cover;-o-background-size:cover;background-size:cover;\"   data-bg-url=\"\">\n\t\t\t\t\t\t<div class=\"fusion-text\"><h2><\/h2>\n<h2>\u012emon\u0117 UAB Baltic Clouds buvo \u012fkurta 2008 m. sausio 18 d. ir vykdo veikl\u0105 keliose verslo kryptyse. Nuo 2015 m. kryptingai prad\u0117jome vystyti nekilnojamojo turto sfer\u0105.<\/h2>\n<h2>UAB Baltic Clouds yra stabili nekilnojamojo turto agent\u016bra, turinti daug patirties visose srityse, susijusiose su nekilnojamuoju turtu (pardavimai, pirkimai, bankai, teismai, notarai ir t.t.). Mes savo klientams si\u016blome optimalius sprendimus ir j\u0173 \u012fgyvendinim\u0105 i\u0161 vien\u0173 rank\u0173.<\/h2>\n<h2>Agent\u016bros komanda n\u0117ra didel\u0117, bet joje dirba tik kompetetingi asmenys, atsidav\u0119 savo darbui. Savo profesionalum\u0105 vystome nuolatos, kartu su savo klientais ir j\u0173 keliamais auk\u0161tais reikalavimais.<\/h2>\n<h2>Pasitik\u0117kite m\u016bs\u0173 komanda ir paversime J\u016bs\u0173 norus tikrove !<\/h2>\n<\/div><div class=\"fusion-clearfix\"><\/div>\n\n\t\t\t\t\t<\/div>\n\t\t\t\t<\/div><\/div><\/div>\n","protected":false},"excerpt":{"rendered":"","protected":false},"author":1,"featured_media":0,"parent":0,"menu_order":0,"comment_status":"closed","ping_status":"open","template":"100-width.php","meta":[],"_links":{"self":[{"href":"http:\/\/balticclouds.eu\/index.php?rest_route=\/wp\/v2\/pages\/9"}],"collection":[{"href":"http:\/\/balticclouds.eu\/index.php?rest_route=\/wp\/v2\/pages"}],"about":[{"href":"http:\/\/balticclouds.eu\/index.php?rest_route=\/wp\/v2\/types\/page"}],"author":[{"embeddable":true,"href":"http:\/\/balticclouds.eu\/index.php?rest_route=\/wp\/v2\/users\/1"}],"replies":[{"embeddable":true,"href":"http:\/\/balticclouds.eu\/index.php?rest_route=%2Fwp%2Fv2%2Fcomments&post=9"}],"version-history":[{"count":13,"href":"http:\/\/balticclouds.eu\/index.php?rest_route=\/wp\/v2\/pages\/9\/revisions"}],"predecessor-version":[{"id":1703,"href":"http:\/\/balticclouds.eu\/index.php?rest_route=\/wp\/v2\/pages\/9\/revisions\/1703"}],"wp:attachment":[{"href":"http:\/\/balticclouds.eu\/index.php?rest_route=%2Fwp%2Fv2%2Fmedia&parent=9"}],"curies":[{"name":"wp","href":"https:\/\/api.w.org\/{rel}","templated":true}]}}